[INFO] cloning repository https://github.com/TheWaWaR/operator-script
[INFO] running `Command { std: "git" "-c" "credential.helper=" "-c" "credential.helper=/workspace/cargo-home/bin/git-credential-null" "clone" "--bare" "https://github.com/TheWaWaR/operator-script" "/workspace/cache/git-repos/https%3A%2F%2Fgithub.com%2FTheWaWaR%2Foperator-script", kill_on_drop: false }`
[INFO] [stderr] Cloning into bare repository '/workspace/cache/git-repos/https%3A%2F%2Fgithub.com%2FTheWaWaR%2Foperator-script'...
[INFO] running `Command { std: "git" "rev-parse" "HEAD", kill_on_drop: false }`
[INFO] [stdout] e52adb84526ba4ac9318317647476da5d75dc2e8
[INFO] checking TheWaWaR/operator-script against master#9610dfe5a9a731ced1ea4923ecbd0c57fe367898 for beta-170-4
[INFO] running `Command { std: "git" "clone" "/workspace/cache/git-repos/https%3A%2F%2Fgithub.com%2FTheWaWaR%2Foperator-script" "/workspace/builds/worker-4-tc1/source", kill_on_drop: false }`
[INFO] [stderr] Cloning into '/workspace/builds/worker-4-tc1/source'...
[INFO] [stderr] done.
[INFO] validating manifest of git repo https://github.com/TheWaWaR/operator-script on toolchain 9610dfe5a9a731ced1ea4923ecbd0c57fe367898
[INFO] running `Command { std: CARGO_HOME="/workspace/cargo-home" RUSTUP_HOME="/workspace/rustup-home" "/workspace/cargo-home/bin/cargo" "+9610dfe5a9a731ced1ea4923ecbd0c57fe367898" "metadata" "--manifest-path" "Cargo.toml" "--no-deps", kill_on_drop: false }`
[INFO] started tweaking git repo https://github.com/TheWaWaR/operator-script
[INFO] finished tweaking git repo https://github.com/TheWaWaR/operator-script
[INFO] tweaked toml for git repo https://github.com/TheWaWaR/operator-script written to /workspace/builds/worker-4-tc1/source/Cargo.toml
[INFO] crate git repo https://github.com/TheWaWaR/operator-script already has a lockfile, it will not be regenerated
[INFO] running `Command { std: CARGO_HOME="/workspace/cargo-home" RUSTUP_HOME="/workspace/rustup-home" "/workspace/cargo-home/bin/cargo" "+9610dfe5a9a731ced1ea4923ecbd0c57fe367898" "fetch" "--manifest-path" "Cargo.toml", kill_on_drop: false }`
[INFO] [stderr]     Updating crates.io index
[INFO] [stderr]     Blocking waiting for file lock on package cache
[INFO] [stderr]  Downloading crates ...
[INFO] [stderr]   Downloaded ckb-traits v0.100.0
[INFO] [stderr]   Downloaded ckb-hash v0.100.0
[INFO] [stderr]   Downloaded ckb-standalone-types v0.1.2
[INFO] [stderr]   Downloaded includedir v0.6.0
[INFO] [stderr]   Downloaded ckb-fixed-hash-core v0.100.0
[INFO] [stderr]   Downloaded ckb-jsonrpc-types v0.100.0
[INFO] [stderr]   Downloaded ckb-channel v0.100.0
[INFO] [stderr]   Downloaded ckb-resource v0.100.0
[INFO] [stderr]   Downloaded ckb-rational v0.100.0
[INFO] [stderr]   Downloaded numext-fixed-uint-core v0.1.6
[INFO] [stderr]   Downloaded tentacle-multiaddr v0.3.0
[INFO] [stderr]   Downloaded ckb-pow v0.100.0
[INFO] [stderr]   Downloaded ckb-logger v0.100.0
[INFO] [stderr]   Downloaded faster-hex v0.6.1
[INFO] [stderr]   Downloaded ckb-always-success-script v0.0.1
[INFO] [stderr]   Downloaded ckb-occupied-capacity v0.100.0
[INFO] [stderr]   Downloaded ckb-verification-traits v0.100.0
[INFO] [stderr]   Downloaded ckb-constant v0.100.0
[INFO] [stderr]   Downloaded ckb-dao v0.100.0
[INFO] [stderr]   Downloaded ckb-metrics v0.100.0
[INFO] [stderr]   Downloaded ckb-fixed-hash-macros v0.100.0
[INFO] [stderr]   Downloaded ckb-dao-utils v0.100.0
[INFO] [stderr]   Downloaded numext-fixed-uint v0.1.6
[INFO] [stderr]   Downloaded ckb-occupied-capacity-macros v0.100.0
[INFO] [stderr]   Downloaded ckb-error v0.100.0
[INFO] [stderr]   Downloaded ckb-vm-definitions v0.20.0-rc5
[INFO] [stderr]   Downloaded ckb-chain-spec v0.100.0
[INFO] [stderr]   Downloaded tentacle-secio v0.5.0
[INFO] [stderr]   Downloaded ckb-verification v0.100.0
[INFO] [stderr]   Downloaded blake2b-ref v0.2.1
[INFO] [stderr]   Downloaded ckb-types v0.100.0
[INFO] [stderr]   Downloaded libm v0.2.3
[INFO] [stderr]   Downloaded num-bigint-dig v0.8.1
[INFO] [stderr]   Downloaded opentelemetry v0.15.0
[INFO] [stderr]   Downloaded blake2b-ref v0.3.0
[INFO] [stderr]   Downloaded secp256k1-sys v0.3.0
[INFO] [stderr]   Downloaded ckb-std v0.9.0
[INFO] [stderr]   Downloaded crypto-mac v0.9.1
[INFO] [stderr]   Downloaded hmac v0.9.0
[INFO] [stderr]   Downloaded blake2b-rs v0.2.0
[INFO] [stderr]   Downloaded buddy-alloc v0.4.1
[INFO] [stderr]   Downloaded molecule v0.7.2
[INFO] [stderr]   Downloaded faketime v0.2.1
[INFO] [stderr]   Downloaded ckb-testtool v0.6.1
[INFO] [stderr]   Downloaded secp256k1 v0.19.0
[INFO] [stderr]   Downloaded ckb-crypto v0.100.0
[INFO] [stderr]   Downloaded includedir_codegen v0.6.0
[INFO] [stderr]   Downloaded ckb-fixed-hash v0.100.0
[INFO] [stderr]   Downloaded merkle-cbt v0.3.2
[INFO] [stderr]   Downloaded numext-constructor v0.1.6
[INFO] [stderr]   Downloaded numext-fixed-uint-hack v0.1.6
[INFO] [stderr]   Downloaded ckb-occupied-capacity-core v0.100.0
[INFO] [stderr]   Downloaded goblin v0.4.0
[INFO] [stderr]   Downloaded ckb-system-scripts v0.5.3
[INFO] [stderr]   Downloaded ckb-script v0.100.0
[INFO] [stderr]   Downloaded ckb-vm v0.20.0-rc5
[INFO] running `Command { std: "docker" "create" "-v" "/var/lib/crater-agent-workspace/builds/worker-4-tc1/target:/opt/rustwide/target:rw,Z" "-v" "/var/lib/crater-agent-workspace/builds/worker-4-tc1/source:/opt/rustwide/workdir:ro,Z" "-v" "/var/lib/crater-agent-workspace/cargo-home:/opt/rustwide/cargo-home:ro,Z" "-v" "/var/lib/crater-agent-workspace/rustup-home:/opt/rustwide/rustup-home:ro,Z" "-e" "SOURCE_DIR=/opt/rustwide/workdir" "-e" "CARGO_TARGET_DIR=/opt/rustwide/target" "-e" "CARGO_HOME=/opt/rustwide/cargo-home" "-e" "RUSTUP_HOME=/opt/rustwide/rustup-home" "-w" "/opt/rustwide/workdir" "-m" "1610612736" "--user" "0:0" "--network" "none" "ghcr.io/rust-lang/crates-build-env/linux@sha256:19e73879b68f455e41552ea35293514db52ea292d993f571636dbffedb77a1ee" "/opt/rustwide/cargo-home/bin/cargo" "+9610dfe5a9a731ced1ea4923ecbd0c57fe367898" "metadata" "--no-deps" "--format-version=1", kill_on_drop: false }`
[INFO] [stdout] 7180de5e6b6876ddbbf7b1196be39a5be39168ea70f41a1d5ae0a36eade6db4f
[INFO] running `Command { std: "docker" "start" "-a" "7180de5e6b6876ddbbf7b1196be39a5be39168ea70f41a1d5ae0a36eade6db4f", kill_on_drop: false }`
[INFO] running `Command { std: "docker" "inspect" "7180de5e6b6876ddbbf7b1196be39a5be39168ea70f41a1d5ae0a36eade6db4f", kill_on_drop: false }`
[INFO] running `Command { std: "docker" "rm" "-f" "7180de5e6b6876ddbbf7b1196be39a5be39168ea70f41a1d5ae0a36eade6db4f", kill_on_drop: false }`
[INFO] [stdout] 7180de5e6b6876ddbbf7b1196be39a5be39168ea70f41a1d5ae0a36eade6db4f
[INFO] running `Command { std: "docker" "create" "-v" "/var/lib/crater-agent-workspace/builds/worker-4-tc1/target:/opt/rustwide/target:rw,Z" "-v" "/var/lib/crater-agent-workspace/builds/worker-4-tc1/source:/opt/rustwide/workdir:ro,Z" "-v" "/var/lib/crater-agent-workspace/cargo-home:/opt/rustwide/cargo-home:ro,Z" "-v" "/var/lib/crater-agent-workspace/rustup-home:/opt/rustwide/rustup-home:ro,Z" "-e" "SOURCE_DIR=/opt/rustwide/workdir" "-e" "CARGO_TARGET_DIR=/opt/rustwide/target" "-e" "CARGO_INCREMENTAL=0" "-e" "RUST_BACKTRACE=full" "-e" "RUSTFLAGS=--cap-lints=forbid" "-e" "RUSTDOCFLAGS=--cap-lints=forbid" "-e" "CARGO_HOME=/opt/rustwide/cargo-home" "-e" "RUSTUP_HOME=/opt/rustwide/rustup-home" "-w" "/opt/rustwide/workdir" "-m" "1610612736" "--user" "0:0" "--network" "none" "ghcr.io/rust-lang/crates-build-env/linux@sha256:19e73879b68f455e41552ea35293514db52ea292d993f571636dbffedb77a1ee" "/opt/rustwide/cargo-home/bin/cargo" "+9610dfe5a9a731ced1ea4923ecbd0c57fe367898" "check" "--frozen" "--all" "--all-targets" "--message-format=json", kill_on_drop: false }`
[INFO] [stdout] f8ea95233bf892370838a16c93df124cea003f61a1b16932f9be8e8063581944
[INFO] running `Command { std: "docker" "start" "-a" "f8ea95233bf892370838a16c93df124cea003f61a1b16932f9be8e8063581944", kill_on_drop: false }`
[INFO] [stderr]    Compiling proc-macro2 v1.0.42
[INFO] [stderr]    Compiling quote v1.0.20
[INFO] [stderr]    Compiling unicode-ident v1.0.2
[INFO] [stderr]    Compiling syn v1.0.98
[INFO] [stderr]    Compiling libc v0.2.126
[INFO] [stderr]    Compiling serde_derive v1.0.141
[INFO] [stderr]    Compiling serde v1.0.141
[INFO] [stderr]    Compiling cc v1.0.73
[INFO] [stderr]    Compiling getrandom v0.1.16
[INFO] [stderr]    Compiling ppv-lite86 v0.2.16
[INFO] [stderr]    Compiling faster-hex v0.6.1
[INFO] [stderr]    Compiling heapsize v0.4.2
[INFO] [stderr]    Compiling crossbeam-utils v0.8.11
[INFO] [stderr]    Compiling crc32fast v1.3.2
[INFO] [stderr]    Compiling anyhow v1.0.59
[INFO] [stderr]     Checking once_cell v1.13.0
[INFO] [stderr]    Compiling convert_case v0.4.0
[INFO] [stderr]    Compiling siphasher v0.3.10
[INFO] [stderr]    Compiling typenum v1.15.0
[INFO] [stderr]    Compiling generic-array v0.14.5
[INFO] [stderr]    Compiling adler v1.0.2
[INFO] [stderr]    Compiling memchr v2.5.0
[INFO] [stderr]    Compiling log v0.4.17
[INFO] [stderr]    Compiling same-file v1.0.6
[INFO] [stderr]    Compiling miniz_oxide v0.5.3
[INFO] [stderr]    Compiling phf_shared v0.8.0
[INFO] [stderr]    Compiling walkdir v2.3.2
[INFO] [stderr]    Compiling futures-core v0.3.21
[INFO] [stderr]     Checking merkle-cbt v0.3.2
[INFO] [stderr]     Checking bit-vec v0.5.1
[INFO] [stderr]    Compiling phf v0.8.0
[INFO] [stderr]     Checking crossbeam-channel v0.5.6
[INFO] [stderr]    Compiling slab v0.4.7
[INFO] [stderr]     Checking futures-sink v0.3.21
[INFO] [stderr]     Checking pin-project-lite v0.2.9
[INFO] [stderr]    Compiling futures-channel v0.3.21
[INFO] [stderr]    Compiling futures-task v0.3.21
[INFO] [stderr]     Checking byteorder v1.4.3
[INFO] [stderr]    Compiling flate2 v1.0.24
[INFO] [stderr]     Checking getrandom v0.2.7
[INFO] [stderr]     Checking ckb-channel v0.100.0
[INFO] [stderr]     Checking rand_core v0.5.1
[INFO] [stderr]    Compiling bitflags v1.3.2
[INFO] [stderr]    Compiling futures-util v0.3.21
[INFO] [stderr]     Checking rand_chacha v0.2.2
[INFO] [stderr]    Compiling blake2b-rs v0.1.5
[INFO] [stderr]     Checking rand_pcg v0.2.1
[INFO] [stderr]    Compiling secp256k1-sys v0.3.0
[INFO] [stderr]    Compiling includedir v0.6.0
[INFO] [stderr]     Checking futures-io v0.3.21
[INFO] [stderr]     Checking rand v0.7.3
[INFO] [stderr]    Compiling pkg-config v0.3.25
[INFO] [stderr]    Compiling serde_json v1.0.82
[INFO] [stderr]     Checking ryu v1.0.10
[INFO] [stderr]    Compiling libm v0.2.3
[INFO] [stderr]     Checking itoa v1.0.2
[INFO] [stderr]    Compiling unicode-xid v0.2.3
[INFO] [stderr]    Compiling ahash v0.7.6
[INFO] [stderr]    Compiling num-traits v0.2.15
[INFO] [stderr]     Checking eaglesong v0.1.0
[INFO] [stderr]     Checking plain v0.2.3
[INFO] [stderr]     Checking subtle v2.4.1
[INFO] [stderr]     Checking base64ct v1.5.1
[INFO] [stderr]    Compiling ckb-vm v0.20.0-rc5
[INFO] [stderr]    Compiling ring v0.16.20
[INFO] [stderr]     Checking num_cpus v1.13.1
[INFO] [stderr]    Compiling tokio v1.20.1
[INFO] [stderr]    Compiling num-integer v0.1.45
[INFO] [stderr]     Checking const-oid v0.7.1
[INFO] [stderr]     Checking ckb-constant v0.100.0
[INFO] [stderr]     Checking pem-rfc7468 v0.3.1
[INFO] [stderr]     Checking dashmap v4.0.2
[INFO] [stderr]     Checking ckb-hash v0.100.0
[INFO] [stderr]    Compiling openssl-sys v0.9.75
[INFO] [stderr]    Compiling blake2b-rs v0.2.0
[INFO] [stderr]     Checking rand_core v0.6.3
[INFO] [stderr]     Checking mapr v0.8.0
[INFO] [stderr]    Compiling num-iter v0.1.43
[INFO] [stderr]     Checking cpufeatures v0.2.2
[INFO] [stderr]    Compiling ckb-script v0.100.0
[INFO] [stderr]     Checking remove_dir_all v0.5.3
[INFO] [stderr]    Compiling openssl v0.10.41
[INFO] [stderr]     Checking ckb-vm-definitions v0.20.0-rc5
[INFO] [stderr]     Checking fastrand v1.8.0
[INFO] [stderr]     Checking hashbrown v0.11.2
[INFO] [stderr]     Checking crypto-bigint v0.3.2
[INFO] [stderr]     Checking block-buffer v0.10.2
[INFO] [stderr]     Checking block-buffer v0.9.0
[INFO] [stderr]     Checking crypto-common v0.1.6
[INFO] [stderr]     Checking tempfile v3.3.0
[INFO] [stderr]     Checking digest v0.9.0
[INFO] [stderr]     Checking rand_chacha v0.3.1
[INFO] [stderr]     Checking ckb-logger v0.100.0
[INFO] [stderr]    Compiling cty v0.2.2
[INFO] [stderr]    Compiling phf_generator v0.8.0
[INFO] [stderr]    Compiling num-bigint-dig v0.8.1
[INFO] [stderr]     Checking secp256k1 v0.19.0
[INFO] [stderr]     Checking bs58 v0.3.1
[INFO] [stderr]     Checking unsigned-varint v0.6.0
[INFO] [stderr]     Checking untrusted v0.7.1
[INFO] [stderr]    Compiling phf_codegen v0.8.0
[INFO] [stderr]    Compiling tentacle-secio v0.5.0
[INFO] [stderr]     Checking faketime v0.2.1
[INFO] [stderr]     Checking sha2 v0.9.9
[INFO] [stderr]     Checking rand v0.8.5
[INFO] [stderr]     Checking digest v0.10.3
[INFO] [stderr]    Compiling includedir_codegen v0.6.0
[INFO] [stderr]    Compiling ckb-std v0.9.0
[INFO] [stderr]     Checking linked-hash-map v0.5.6
[INFO] [stderr]     Checking lru v0.6.6
[INFO] [stderr]     Checking smallvec v1.9.0
[INFO] [stderr]     Checking cstr_core v0.2.6
[INFO] [stderr]     Checking buddy-alloc v0.4.1
[INFO] [stderr]    Compiling operator-script v0.1.0 (/opt/rustwide/workdir/contracts/operator-script)
[INFO] [stderr]     Checking linked_hash_set v0.1.4
[INFO] [stderr]     Checking ckb-always-success-script v0.0.1
[INFO] [stderr]     Checking sha2 v0.10.2
[INFO] [stderr]     Checking blake2b-ref v0.3.0
[INFO] [stderr]     Checking der v0.5.1
[INFO] [stderr]    Compiling ckb-system-scripts v0.5.3
[INFO] [stderr] error: failed to run custom build command for `operator-script v0.1.0 (/opt/rustwide/workdir/contracts/operator-script)`
[INFO] [stderr] note: To improve backtraces for build dependencies, set the CARGO_PROFILE_DEV_BUILD_OVERRIDE_DEBUG=true environment variable to enable debug information generation.
[INFO] [stderr] 
[INFO] [stderr] Caused by:
[INFO] [stderr]   process didn't exit successfully: `/opt/rustwide/target/debug/build/operator-script-542174f5a980eb35/build-script-build` (exit status: 101)
[INFO] [stderr]   --- stderr
[INFO] [stderr]   thread 'main' panicked at 'create code_hashes.rs: Os { code: 30, kind: ReadOnlyFilesystem, message: "Read-only file system" }', contracts/operator-script/build.rs:18:63
[INFO] [stderr]   stack backtrace:
[INFO] [stderr]      0:     0x5573f5306db1 - std::backtrace_rs::backtrace::libunwind::trace::h036e87df56fc4b9d
[INFO] [stderr]                                  at /rustc/9610dfe5a9a731ced1ea4923ecbd0c57fe367898/library/std/src/../../backtrace/src/backtrace/libunwind.rs:93:5
[INFO] [stderr]      1:     0x5573f5306db1 - std::backtrace_rs::backtrace::trace_unsynchronized::hd61eb2dbd6ae476a
[INFO] [stderr]                                  at /rustc/9610dfe5a9a731ced1ea4923ecbd0c57fe367898/library/std/src/../../backtrace/src/backtrace/mod.rs:66:5
[INFO] [stderr]      2:     0x5573f5306db1 - std::sys_common::backtrace::_print_fmt::h00c50d0875db23c9
[INFO] [stderr]                                  at /rustc/9610dfe5a9a731ced1ea4923ecbd0c57fe367898/library/std/src/sys_common/backtrace.rs:65:5
[INFO] [stderr]      3:     0x5573f5306db1 - <std::sys_common::backtrace::_print::DisplayBacktrace as core::fmt::Display>::fmt::h63195ab2dde77ccc
[INFO] [stderr]                                  at /rustc/9610dfe5a9a731ced1ea4923ecbd0c57fe367898/library/std/src/sys_common/backtrace.rs:44:22
[INFO] [stderr]      4:     0x5573f532307f - core::fmt::rt::Argument::fmt::h83f4110348c688f4
[INFO] [stderr]                                  at /rustc/9610dfe5a9a731ced1ea4923ecbd0c57fe367898/library/core/src/fmt/rt.rs:138:9
[INFO] [stderr]      5:     0x5573f532307f - core::fmt::write::h509367dd365f983a
[INFO] [stderr]                                  at /rustc/9610dfe5a9a731ced1ea4923ecbd0c57fe367898/library/core/src/fmt/mod.rs:1094:21
[INFO] [stderr]      6:     0x5573f5304ed1 - std::io::Write::write_fmt::h8e60bfebdaabfee5
[INFO] [stderr]                                  at /rustc/9610dfe5a9a731ced1ea4923ecbd0c57fe367898/library/std/src/io/mod.rs:1713:15
[INFO] [stderr]      7:     0x5573f5306bc5 - std::sys_common::backtrace::_print::h96e550016098cde6
[INFO] [stderr]                                  at /rustc/9610dfe5a9a731ced1ea4923ecbd0c57fe367898/library/std/src/sys_common/backtrace.rs:47:5
[INFO] [stderr]      8:     0x5573f5306bc5 - std::sys_common::backtrace::print::h7a049611b153a02e
[INFO] [stderr]                                  at /rustc/9610dfe5a9a731ced1ea4923ecbd0c57fe367898/library/std/src/sys_common/backtrace.rs:34:9
[INFO] [stderr]      9:     0x5573f5307f47 - std::panicking::default_hook::{{closure}}::h1b023d46676794c4
[INFO] [stderr]     10:     0x5573f5307d34 - std::panicking::default_hook::hea2961dabcf68e83
[INFO] [stderr]                                  at /rustc/9610dfe5a9a731ced1ea4923ecbd0c57fe367898/library/std/src/panicking.rs:288:9
[INFO] [stderr]     11:     0x5573f53083fc - std::panicking::rust_panic_with_hook::h4285c91a8168b001
[INFO] [stderr]                                  at /rustc/9610dfe5a9a731ced1ea4923ecbd0c57fe367898/library/std/src/panicking.rs:705:13
[INFO] [stderr]     12:     0x5573f53082f7 - std::panicking::begin_panic_handler::{{closure}}::h6ebd0d46f0c6b010
[INFO] [stderr]                                  at /rustc/9610dfe5a9a731ced1ea4923ecbd0c57fe367898/library/std/src/panicking.rs:597:13
[INFO] [stderr]     13:     0x5573f53071e6 - std::sys_common::backtrace::__rust_end_short_backtrace::h92042d128576b63a
[INFO] [stderr]                                  at /rustc/9610dfe5a9a731ced1ea4923ecbd0c57fe367898/library/std/src/sys_common/backtrace.rs:151:18
[INFO] [stderr]     14:     0x5573f5308042 - rust_begin_unwind
[INFO] [stderr]                                  at /rustc/9610dfe5a9a731ced1ea4923ecbd0c57fe367898/library/std/src/panicking.rs:593:5
[INFO] [stderr]     15:     0x5573f52d5e93 - core::panicking::panic_fmt::h65404fc8061ee73a
[INFO] [stderr]                                  at /rustc/9610dfe5a9a731ced1ea4923ecbd0c57fe367898/library/core/src/panicking.rs:67:14
[INFO] [stderr]     16:     0x5573f52d6273 - core::result::unwrap_failed::h32fb969d6bae75cc
[INFO] [stderr]                                  at /rustc/9610dfe5a9a731ced1ea4923ecbd0c57fe367898/library/core/src/result.rs:1651:5
[INFO] [stderr]     17:     0x5573f52dc15c - core::result::Result<T,E>::expect::hf41f595f61ee974d
[INFO] [stderr]     18:     0x5573f52d85ba - build_script_build::gen_code_hash::he22cbe7cdd403d81
[INFO] [stderr]     19:     0x5573f52d84f6 - build_script_build::main::hfbca9a8b2260b80b
[INFO] [stderr]     20:     0x5573f52d8e03 - core::ops::function::FnOnce::call_once::h4d16223431b24287
[INFO] [stderr]     21:     0x5573f52dbec6 - std::sys_common::backtrace::__rust_begin_short_backtrace::ha1fb9f8c4022f887
[INFO] [stderr]     22:     0x5573f52dbbd9 - std::rt::lang_start::{{closure}}::h82eb4f8d6dcf5b4c
[INFO] [stderr]     23:     0x5573f5302725 - core::ops::function::impls::<impl core::ops::function::FnOnce<A> for &F>::call_once::h49ef85a8a8d45198
[INFO] [stderr]                                  at /rustc/9610dfe5a9a731ced1ea4923ecbd0c57fe367898/library/core/src/ops/function.rs:284:13
[INFO] [stderr]     24:     0x5573f5302725 - std::panicking::try::do_call::ha1def14af693a135
[INFO] [stderr]                                  at /rustc/9610dfe5a9a731ced1ea4923ecbd0c57fe367898/library/std/src/panicking.rs:500:40
[INFO] [stderr]     25:     0x5573f5302725 - std::panicking::try::haa3dc2a1139932e2
[INFO] [stderr]                                  at /rustc/9610dfe5a9a731ced1ea4923ecbd0c57fe367898/library/std/src/panicking.rs:464:19
[INFO] [stderr]     26:     0x5573f5302725 - std::panic::catch_unwind::h9d9cbebaf9f15c67
[INFO] [stderr]                                  at /rustc/9610dfe5a9a731ced1ea4923ecbd0c57fe367898/library/std/src/panic.rs:142:14
[INFO] [stderr]     27:     0x5573f5302725 - std::rt::lang_start_internal::{{closure}}::hf660a772669a69cc
[INFO] [stderr]                                  at /rustc/9610dfe5a9a731ced1ea4923ecbd0c57fe367898/library/std/src/rt.rs:148:48
[INFO] [stderr]     28:     0x5573f5302725 - std::panicking::try::do_call::hb1c34715bb9b1c46
[INFO] [stderr]                                  at /rustc/9610dfe5a9a731ced1ea4923ecbd0c57fe367898/library/std/src/panicking.rs:500:40
[INFO] [stderr]     29:     0x5573f5302725 - std::panicking::try::h499866fd990da8f1
[INFO] [stderr]                                  at /rustc/9610dfe5a9a731ced1ea4923ecbd0c57fe367898/library/std/src/panicking.rs:464:19
[INFO] [stderr]     30:     0x5573f5302725 - std::panic::catch_unwind::hac1ffec55b72e7bc
[INFO] [stderr]                                  at /rustc/9610dfe5a9a731ced1ea4923ecbd0c57fe367898/library/std/src/panic.rs:142:14
[INFO] [stderr]     31:     0x5573f5302725 - std::rt::lang_start_internal::h0fecf91cd579e7b6
[INFO] [stderr]                                  at /rustc/9610dfe5a9a731ced1ea4923ecbd0c57fe367898/library/std/src/rt.rs:148:20
[INFO] [stderr]     32:     0x5573f52dbbb7 - std::rt::lang_start::h8aec049b0783177e
[INFO] [stderr]     33:     0x5573f52d8ba5 - main
[INFO] [stderr]     34:     0x7ff473d06d90 - <unknown>
[INFO] [stderr]     35:     0x7ff473d06e40 - __libc_start_main
[INFO] [stderr]     36:     0x5573f52d64f5 - _start
[INFO] [stderr]     37:                0x0 - <unknown>
[INFO] [stderr] warning: build failed, waiting for other jobs to finish...
[INFO] [stdout] error[E0793]: reference to packed field is unaligned
[INFO] [stdout]    --> /opt/rustwide/cargo-home/registry/src/index.crates.io-6f17d22bba15001f/blake2b-ref-0.3.0/src/blake2b_ref.rs:405:9
[INFO] [stdout]     |
[INFO] [stdout] 405 |         &mut (*P.as_mut_ptr()).leaf_length as *mut uint32_t as *mut libc::c_void,
[INFO] [stdout]     |         ^^^^^^^^^^^^^^^^^^^^^^^^^^^^^^^^^^
[INFO] [stdout]     |
[INFO] [stdout]     = note: packed structs are only aligned by one byte, and many modern architectures penalize unaligned field accesses
[INFO] [stdout]     = note: creating a misaligned reference is undefined behavior (even if that reference is never dereferenced)
[INFO] [stdout]     = help: copy the field contents to a local variable, or replace the reference with a raw pointer and use `read_unaligned`/`write_unaligned` (loads and stores via `*p` must be properly aligned even when using raw pointers)
[INFO] [stdout] 
[INFO] [stdout] 
[INFO] [stdout] error[E0793]: reference to packed field is unaligned
[INFO] [stdout]    --> /opt/rustwide/cargo-home/registry/src/index.crates.io-6f17d22bba15001f/blake2b-ref-0.3.0/src/blake2b_ref.rs:409:9
[INFO] [stdout]     |
[INFO] [stdout] 409 |         &mut (*P.as_mut_ptr()).node_offset as *mut uint32_t as *mut libc::c_void,
[INFO] [stdout]     |         ^^^^^^^^^^^^^^^^^^^^^^^^^^^^^^^^^^
[INFO] [stdout]     |
[INFO] [stdout]     = note: packed structs are only aligned by one byte, and many modern architectures penalize unaligned field accesses
[INFO] [stdout]     = note: creating a misaligned reference is undefined behavior (even if that reference is never dereferenced)
[INFO] [stdout]     = help: copy the field contents to a local variable, or replace the reference with a raw pointer and use `read_unaligned`/`write_unaligned` (loads and stores via `*p` must be properly aligned even when using raw pointers)
[INFO] [stdout] 
[INFO] [stdout] 
[INFO] [stdout] error[E0793]: reference to packed field is unaligned
[INFO] [stdout]    --> /opt/rustwide/cargo-home/registry/src/index.crates.io-6f17d22bba15001f/blake2b-ref-0.3.0/src/blake2b_ref.rs:413:9
[INFO] [stdout]     |
[INFO] [stdout] 413 |         &mut (*P.as_mut_ptr()).xof_length as *mut uint32_t as *mut libc::c_void,
[INFO] [stdout]     |         ^^^^^^^^^^^^^^^^^^^^^^^^^^^^^^^^^
[INFO] [stdout]     |
[INFO] [stdout]     = note: packed structs are only aligned by one byte, and many modern architectures penalize unaligned field accesses
[INFO] [stdout]     = note: creating a misaligned reference is undefined behavior (even if that reference is never dereferenced)
[INFO] [stdout]     = help: copy the field contents to a local variable, or replace the reference with a raw pointer and use `read_unaligned`/`write_unaligned` (loads and stores via `*p` must be properly aligned even when using raw pointers)
[INFO] [stdout] 
[INFO] [stdout] 
[INFO] [stdout] error[E0793]: reference to packed field is unaligned
[INFO] [stdout]    --> /opt/rustwide/cargo-home/registry/src/index.crates.io-6f17d22bba15001f/blake2b-ref-0.3.0/src/blake2b_ref.rs:461:9
[INFO] [stdout]     |
[INFO] [stdout] 461 |         &mut (*P.as_mut_ptr()).leaf_length as *mut uint32_t as *mut libc::c_void,
[INFO] [stdout]     |         ^^^^^^^^^^^^^^^^^^^^^^^^^^^^^^^^^^
[INFO] [stdout]     |
[INFO] [stdout]     = note: packed structs are only aligned by one byte, and many modern architectures penalize unaligned field accesses
[INFO] [stdout]     = note: creating a misaligned reference is undefined behavior (even if that reference is never dereferenced)
[INFO] [stdout]     = help: copy the field contents to a local variable, or replace the reference with a raw pointer and use `read_unaligned`/`write_unaligned` (loads and stores via `*p` must be properly aligned even when using raw pointers)
[INFO] [stdout] 
[INFO] [stdout] 
[INFO] [stdout] error[E0793]: reference to packed field is unaligned
[INFO] [stdout]    --> /opt/rustwide/cargo-home/registry/src/index.crates.io-6f17d22bba15001f/blake2b-ref-0.3.0/src/blake2b_ref.rs:465:9
[INFO] [stdout]     |
[INFO] [stdout] 465 |         &mut (*P.as_mut_ptr()).node_offset as *mut uint32_t as *mut libc::c_void,
[INFO] [stdout]     |         ^^^^^^^^^^^^^^^^^^^^^^^^^^^^^^^^^^
[INFO] [stdout]     |
[INFO] [stdout]     = note: packed structs are only aligned by one byte, and many modern architectures penalize unaligned field accesses
[INFO] [stdout]     = note: creating a misaligned reference is undefined behavior (even if that reference is never dereferenced)
[INFO] [stdout]     = help: copy the field contents to a local variable, or replace the reference with a raw pointer and use `read_unaligned`/`write_unaligned` (loads and stores via `*p` must be properly aligned even when using raw pointers)
[INFO] [stdout] 
[INFO] [stdout] 
[INFO] [stdout] error[E0793]: reference to packed field is unaligned
[INFO] [stdout]    --> /opt/rustwide/cargo-home/registry/src/index.crates.io-6f17d22bba15001f/blake2b-ref-0.3.0/src/blake2b_ref.rs:469:9
[INFO] [stdout]     |
[INFO] [stdout] 469 |         &mut (*P.as_mut_ptr()).xof_length as *mut uint32_t as *mut libc::c_void,
[INFO] [stdout]     |         ^^^^^^^^^^^^^^^^^^^^^^^^^^^^^^^^^
[INFO] [stdout]     |
[INFO] [stdout]     = note: packed structs are only aligned by one byte, and many modern architectures penalize unaligned field accesses
[INFO] [stdout]     = note: creating a misaligned reference is undefined behavior (even if that reference is never dereferenced)
[INFO] [stdout]     = help: copy the field contents to a local variable, or replace the reference with a raw pointer and use `read_unaligned`/`write_unaligned` (loads and stores via `*p` must be properly aligned even when using raw pointers)
[INFO] [stdout] 
[INFO] [stdout] 
[INFO] [stdout] error: aborting due to 6 previous errors
[INFO] [stdout] 
[INFO] [stdout] 
[INFO] [stdout] For more information about this error, try `rustc --explain E0793`.
[INFO] [stdout] 
[INFO] [stderr] error: could not compile `blake2b-ref` (lib) due to 7 previous errors
[INFO] running `Command { std: "docker" "inspect" "f8ea95233bf892370838a16c93df124cea003f61a1b16932f9be8e8063581944", kill_on_drop: false }`
[INFO] running `Command { std: "docker" "rm" "-f" "f8ea95233bf892370838a16c93df124cea003f61a1b16932f9be8e8063581944", kill_on_drop: false }`
[INFO] [stdout] f8ea95233bf892370838a16c93df124cea003f61a1b16932f9be8e8063581944
